{"id":5406,"date":"2019-12-11T00:25:21","date_gmt":"2019-12-10T22:25:21","guid":{"rendered":"\/?post_type=tribe_events&#038;p=5406"},"modified":"2019-12-11T00:25:53","modified_gmt":"2019-12-10T22:25:53","slug":"acto-academico-academia-iberoamericana-de-la-rabida","status":"publish","type":"tribe_events","link":"https:\/\/fundacioncajaruraldelsur.com\/pt\/evento\/acto-academico-academia-iberoamericana-de-la-rabida\/","title":{"rendered":"Acto Acad\u00e9mico: Academia Iberoamericana de la R\u00e1bida"},"content":{"rendered":"<p>El pr\u00f3ximo 16 de diciembre celebramos en nuestro sal\u00f3n de actos de Huelva el <strong>\u00abActo Acad\u00e9mico: Academia Iberoamericana de la R\u00e1bida\u00bb<\/strong> en el que se impartir\u00e1n las conferencias cuyo eje central ser\u00e1 el medioambiente y el cambio clim\u00e1tico.<\/p>\n<h3>Conferencias<\/h3>\n<p><em><strong>&#8211; La Agenda 2030 y los Objetivos de Desarrollo\u00a0Sostenible como mayor proyecto pol\u00edtico mundial<\/strong><\/em><\/p>\n<p>Ilmo. Sr. Acad\u00e9mico de N\u00famero:\u00a0Prof. Dr. D. Francisco Jos\u00e9 Mart\u00ednez L\u00f3pez<\/p>\n<p><em><strong>&#8211; Objetivos de Desarrollo Sostenible y el cambio\u00a0clim\u00e1tico<\/strong><\/em><\/p>\n<p>Ilmo. Sr. Acad\u00e9mico de N\u00famero:\u00a0Dr. D. Benito de la Morena Carretero<\/p>\n<p>&#8211; Presentaci\u00f3n a cargo del Presidente de la Academia (Excmo. Sr. Prof. Dr. D. Sixto Romero S\u00e1nchez).<\/p>\n<p>&nbsp;<\/p>\n<ul>\n<li>D\u00eda: 16 de diciembre de 2019<\/li>\n<li>Lugar: Centro Cultural Jos\u00e9 Luis Garc\u00eda Palacios<\/li>\n<li>Sal\u00f3n de Actos de la Fundaci\u00f3n Caja Rural del Sur<\/li>\n<li>C\/ Alcalde Mora Claros, 8-21001 Huelva<\/li>\n<li>Hora:19h.00m.<\/li>\n<\/ul>","protected":false},"excerpt":{"rendered":"<p>El pr\u00f3ximo 16 de diciembre celebramos en nuestro sal\u00f3n de actos de Huelva el \u00abActo Acad\u00e9mico: Academia Iberoamericana de la R\u00e1bida\u00bb en el que se impartir\u00e1n las conferencias cuyo eje [&hellip;]<\/p>\n","protected":false},"author":8,"featured_media":5407,"template":"","meta":{"_tribe_events_status":"","_tribe_events_status_reason":"","_tribe_events_is_hybrid":"","_tribe_events_is_virtual":"","_tribe_events_virtual_video_source":"","_tribe_events_virtual_embed_video":"","_tribe_events_virtual_linked_button_text":"","_tribe_events_virtual_linked_button":"","_tribe_events_virtual_show_embed_at":"","_tribe_events_virtual_show_embed_to":[],"_tribe_events_virtual_show_on_event":"","_tribe_events_virtual_show_on_views":"","_tribe_events_virtual_url":"","footnotes":""},"tags":[],"tribe_events_cat":[59],"class_list":["post-5406","tribe_events","type-tribe_events","status-publish","has-post-thumbnail","hentry","tribe_events_cat-conferencias","cat_conferencias"],"yoast_head":"<!-- This site is optimized with the Yoast SEO plugin v27.3 - https:\/\/yoast.com\/product\/yoast-seo-wordpress\/ -->\n<title>Acto Acad\u00e9mico: Academia Iberoamericana de la R\u00e1bida - Fundaci\u00f3n Caja Rural del Sur<\/title>\n<meta name=\"description\" content=\"El pr\u00f3ximo 16 de diciembre celebramos en nuestro sal\u00f3n de actos de Huelva el &quot;Acto Acad\u00e9mico: Academia Iberoamericana de la R\u00e1bida&quot;.\" \/>\n<meta name=\"robots\" content=\"index, follow, max-snippet:-1, max-image-preview:large, max-video-preview:-1\" \/>\n<link rel=\"canonical\" href=\"https:\/\/fundacioncajaruraldelsur.com\/pt\/evento\/acto-academico-academia-iberoamericana-de-la-rabida\/\" \/>\n<meta property=\"og:locale\" content=\"pt_PT\" \/>\n<meta property=\"og:type\" content=\"article\" \/>\n<meta property=\"og:title\" content=\"Acto Acad\u00e9mico: Academia Iberoamericana de la R\u00e1bida - Fundaci\u00f3n Caja Rural del Sur\" \/>\n<meta property=\"og:description\" content=\"El pr\u00f3ximo 16 de diciembre celebramos en nuestro sal\u00f3n de actos de Huelva el &quot;Acto Acad\u00e9mico: Academia Iberoamericana de la R\u00e1bida&quot;.\" \/>\n<meta property=\"og:url\" content=\"https:\/\/fundacioncajaruraldelsur.com\/pt\/evento\/acto-academico-academia-iberoamericana-de-la-rabida\/\" \/>\n<meta property=\"og:site_name\" content=\"Fundaci\u00f3n Caja Rural del Sur\" \/>\n<meta property=\"article:modified_time\" content=\"2019-12-10T22:25:53+00:00\" \/>\n<meta property=\"og:image\" content=\"https:\/\/fundacioncajaruraldelsur.com\/wp-content\/uploads\/2019\/12\/MedioAmbiente_clima.jpg\" \/>\n\t<meta property=\"og:image:width\" content=\"1920\" \/>\n\t<meta property=\"og:image:height\" content=\"500\" \/>\n\t<meta property=\"og:image:type\" content=\"image\/jpeg\" \/>\n<meta name=\"twitter:card\" content=\"summary_large_image\" \/>\n<meta name=\"twitter:label1\" content=\"Est. reading time\" \/>\n\t<meta name=\"twitter:data1\" content=\"1 minute\" \/>\n<script type=\"application\/ld+json\" class=\"yoast-schema-graph\">{\"@context\":\"https:\\\/\\\/schema.org\",\"@graph\":[{\"@type\":\"WebPage\",\"@id\":\"https:\\\/\\\/fundacioncajaruraldelsur.com\\\/evento\\\/acto-academico-academia-iberoamericana-de-la-rabida\\\/\",\"url\":\"https:\\\/\\\/fundacioncajaruraldelsur.com\\\/evento\\\/acto-academico-academia-iberoamericana-de-la-rabida\\\/\",\"name\":\"Acto Acad\u00e9mico: Academia Iberoamericana de la R\u00e1bida - Fundaci\u00f3n Caja Rural del Sur\",\"isPartOf\":{\"@id\":\"https:\\\/\\\/fundacioncajaruraldelsur.com\\\/#website\"},\"primaryImageOfPage\":{\"@id\":\"https:\\\/\\\/fundacioncajaruraldelsur.com\\\/evento\\\/acto-academico-academia-iberoamericana-de-la-rabida\\\/#primaryimage\"},\"image\":{\"@id\":\"https:\\\/\\\/fundacioncajaruraldelsur.com\\\/evento\\\/acto-academico-academia-iberoamericana-de-la-rabida\\\/#primaryimage\"},\"thumbnailUrl\":\"https:\\\/\\\/fundacioncajaruraldelsur.com\\\/wp-content\\\/uploads\\\/2019\\\/12\\\/MedioAmbiente_clima.jpg\",\"datePublished\":\"2019-12-10T22:25:21+00:00\",\"dateModified\":\"2019-12-10T22:25:53+00:00\",\"description\":\"El pr\u00f3ximo 16 de diciembre celebramos en nuestro sal\u00f3n de actos de Huelva el \\\"Acto Acad\u00e9mico: Academia Iberoamericana de la R\u00e1bida\\\".\",\"breadcrumb\":{\"@id\":\"https:\\\/\\\/fundacioncajaruraldelsur.com\\\/evento\\\/acto-academico-academia-iberoamericana-de-la-rabida\\\/#breadcrumb\"},\"inLanguage\":\"pt-PT\",\"potentialAction\":[{\"@type\":\"ReadAction\",\"target\":[\"https:\\\/\\\/fundacioncajaruraldelsur.com\\\/evento\\\/acto-academico-academia-iberoamericana-de-la-rabida\\\/\"]}]},{\"@type\":\"ImageObject\",\"inLanguage\":\"pt-PT\",\"@id\":\"https:\\\/\\\/fundacioncajaruraldelsur.com\\\/evento\\\/acto-academico-academia-iberoamericana-de-la-rabida\\\/#primaryimage\",\"url\":\"https:\\\/\\\/fundacioncajaruraldelsur.com\\\/wp-content\\\/uploads\\\/2019\\\/12\\\/MedioAmbiente_clima.jpg\",\"contentUrl\":\"https:\\\/\\\/fundacioncajaruraldelsur.com\\\/wp-content\\\/uploads\\\/2019\\\/12\\\/MedioAmbiente_clima.jpg\",\"width\":1920,\"height\":500},{\"@type\":\"BreadcrumbList\",\"@id\":\"https:\\\/\\\/fundacioncajaruraldelsur.com\\\/evento\\\/acto-academico-academia-iberoamericana-de-la-rabida\\\/#breadcrumb\",\"itemListElement\":[{\"@type\":\"ListItem\",\"position\":1,\"name\":\"Portada\",\"item\":\"https:\\\/\\\/fundacioncajaruraldelsur.com\\\/\"},{\"@type\":\"ListItem\",\"position\":2,\"name\":\"Eventos\",\"item\":\"https:\\\/\\\/fundacioncajaruraldelsur.com\\\/eventos\\\/\"},{\"@type\":\"ListItem\",\"position\":3,\"name\":\"Acto Acad\u00e9mico: Academia Iberoamericana de la R\u00e1bida\"}]},{\"@type\":\"WebSite\",\"@id\":\"https:\\\/\\\/fundacioncajaruraldelsur.com\\\/#website\",\"url\":\"https:\\\/\\\/fundacioncajaruraldelsur.com\\\/\",\"name\":\"Fundaci\u00f3n Caja Rural del Sur\",\"description\":\"\",\"potentialAction\":[{\"@type\":\"SearchAction\",\"target\":{\"@type\":\"EntryPoint\",\"urlTemplate\":\"https:\\\/\\\/fundacioncajaruraldelsur.com\\\/?s={search_term_string}\"},\"query-input\":{\"@type\":\"PropertyValueSpecification\",\"valueRequired\":true,\"valueName\":\"search_term_string\"}}],\"inLanguage\":\"pt-PT\"}]}<\/script>\n<!-- \/ Yoast SEO plugin. -->","yoast_head_json":{"title":"Acto Acad\u00e9mico: Academia Iberoamericana de la R\u00e1bida - Fundaci\u00f3n Caja Rural del Sur","description":"El pr\u00f3ximo 16 de diciembre celebramos en nuestro sal\u00f3n de actos de Huelva el \"Acto Acad\u00e9mico: Academia Iberoamericana de la R\u00e1bida\".","robots":{"index":"index","follow":"follow","max-snippet":"max-snippet:-1","max-image-preview":"max-image-preview:large","max-video-preview":"max-video-preview:-1"},"canonical":"https:\/\/fundacioncajaruraldelsur.com\/pt\/evento\/acto-academico-academia-iberoamericana-de-la-rabida\/","og_locale":"pt_PT","og_type":"article","og_title":"Acto Acad\u00e9mico: Academia Iberoamericana de la R\u00e1bida - Fundaci\u00f3n Caja Rural del Sur","og_description":"El pr\u00f3ximo 16 de diciembre celebramos en nuestro sal\u00f3n de actos de Huelva el \"Acto Acad\u00e9mico: Academia Iberoamericana de la R\u00e1bida\".","og_url":"https:\/\/fundacioncajaruraldelsur.com\/pt\/evento\/acto-academico-academia-iberoamericana-de-la-rabida\/","og_site_name":"Fundaci\u00f3n Caja Rural del Sur","article_modified_time":"2019-12-10T22:25:53+00:00","og_image":[{"width":1920,"height":500,"url":"https:\/\/fundacioncajaruraldelsur.com\/wp-content\/uploads\/2019\/12\/MedioAmbiente_clima.jpg","type":"image\/jpeg"}],"twitter_card":"summary_large_image","twitter_misc":{"Est. reading time":"1 minute"},"schema":{"@context":"https:\/\/schema.org","@graph":[{"@type":"WebPage","@id":"https:\/\/fundacioncajaruraldelsur.com\/evento\/acto-academico-academia-iberoamericana-de-la-rabida\/","url":"https:\/\/fundacioncajaruraldelsur.com\/evento\/acto-academico-academia-iberoamericana-de-la-rabida\/","name":"Acto Acad\u00e9mico: Academia Iberoamericana de la R\u00e1bida - Fundaci\u00f3n Caja Rural del Sur","isPartOf":{"@id":"https:\/\/fundacioncajaruraldelsur.com\/#website"},"primaryImageOfPage":{"@id":"https:\/\/fundacioncajaruraldelsur.com\/evento\/acto-academico-academia-iberoamericana-de-la-rabida\/#primaryimage"},"image":{"@id":"https:\/\/fundacioncajaruraldelsur.com\/evento\/acto-academico-academia-iberoamericana-de-la-rabida\/#primaryimage"},"thumbnailUrl":"https:\/\/fundacioncajaruraldelsur.com\/wp-content\/uploads\/2019\/12\/MedioAmbiente_clima.jpg","datePublished":"2019-12-10T22:25:21+00:00","dateModified":"2019-12-10T22:25:53+00:00","description":"El pr\u00f3ximo 16 de diciembre celebramos en nuestro sal\u00f3n de actos de Huelva el \"Acto Acad\u00e9mico: Academia Iberoamericana de la R\u00e1bida\".","breadcrumb":{"@id":"https:\/\/fundacioncajaruraldelsur.com\/evento\/acto-academico-academia-iberoamericana-de-la-rabida\/#breadcrumb"},"inLanguage":"pt-PT","potentialAction":[{"@type":"ReadAction","target":["https:\/\/fundacioncajaruraldelsur.com\/evento\/acto-academico-academia-iberoamericana-de-la-rabida\/"]}]},{"@type":"ImageObject","inLanguage":"pt-PT","@id":"https:\/\/fundacioncajaruraldelsur.com\/evento\/acto-academico-academia-iberoamericana-de-la-rabida\/#primaryimage","url":"https:\/\/fundacioncajaruraldelsur.com\/wp-content\/uploads\/2019\/12\/MedioAmbiente_clima.jpg","contentUrl":"https:\/\/fundacioncajaruraldelsur.com\/wp-content\/uploads\/2019\/12\/MedioAmbiente_clima.jpg","width":1920,"height":500},{"@type":"BreadcrumbList","@id":"https:\/\/fundacioncajaruraldelsur.com\/evento\/acto-academico-academia-iberoamericana-de-la-rabida\/#breadcrumb","itemListElement":[{"@type":"ListItem","position":1,"name":"Portada","item":"https:\/\/fundacioncajaruraldelsur.com\/"},{"@type":"ListItem","position":2,"name":"Eventos","item":"https:\/\/fundacioncajaruraldelsur.com\/eventos\/"},{"@type":"ListItem","position":3,"name":"Acto Acad\u00e9mico: Academia Iberoamericana de la R\u00e1bida"}]},{"@type":"WebSite","@id":"https:\/\/fundacioncajaruraldelsur.com\/#website","url":"https:\/\/fundacioncajaruraldelsur.com\/","name":"Funda\u00e7\u00e3o Caja Rural del Sur","description":"","potentialAction":[{"@type":"SearchAction","target":{"@type":"EntryPoint","urlTemplate":"https:\/\/fundacioncajaruraldelsur.com\/?s={search_term_string}"},"query-input":{"@type":"PropertyValueSpecification","valueRequired":true,"valueName":"search_term_string"}}],"inLanguage":"pt-PT"}]}},"_links":{"self":[{"href":"https:\/\/fundacioncajaruraldelsur.com\/pt\/wp-json\/wp\/v2\/tribe_events\/5406","targetHints":{"allow":["GET"]}}],"collection":[{"href":"https:\/\/fundacioncajaruraldelsur.com\/pt\/wp-json\/wp\/v2\/tribe_events"}],"about":[{"href":"https:\/\/fundacioncajaruraldelsur.com\/pt\/wp-json\/wp\/v2\/types\/tribe_events"}],"author":[{"embeddable":true,"href":"https:\/\/fundacioncajaruraldelsur.com\/pt\/wp-json\/wp\/v2\/users\/8"}],"version-history":[{"count":1,"href":"https:\/\/fundacioncajaruraldelsur.com\/pt\/wp-json\/wp\/v2\/tribe_events\/5406\/revisions"}],"predecessor-version":[{"id":5408,"href":"https:\/\/fundacioncajaruraldelsur.com\/pt\/wp-json\/wp\/v2\/tribe_events\/5406\/revisions\/5408"}],"wp:featuredmedia":[{"embeddable":true,"href":"https:\/\/fundacioncajaruraldelsur.com\/pt\/wp-json\/wp\/v2\/media\/5407"}],"wp:attachment":[{"href":"https:\/\/fundacioncajaruraldelsur.com\/pt\/wp-json\/wp\/v2\/media?parent=5406"}],"wp:term":[{"taxonomy":"post_tag","embeddable":true,"href":"https:\/\/fundacioncajaruraldelsur.com\/pt\/wp-json\/wp\/v2\/tags?post=5406"},{"taxonomy":"tribe_events_cat","embeddable":true,"href":"https:\/\/fundacioncajaruraldelsur.com\/pt\/wp-json\/wp\/v2\/tribe_events_cat?post=5406"}],"curies":[{"name":"wp","href":"https:\/\/api.w.org\/{rel}","templated":true}]}}

Acto Académico: Academia Iberoamericana de la Rábida

<p>El próximo 16 de diciembre celebramos en nuestro salón de actos de Huelva el <strong>«Acto Académico: Academia Iberoamericana de la Rábida»</strong> en el que se impartirán las conferencias cuyo eje central será el medioambiente y el cambio climático.</p>
<h3>Conferencias</h3>
<p><em><strong>&#8211; La Agenda 2030 y los Objetivos de Desarrollo Sostenible como mayor proyecto político mundial</strong></em></p>
<p>Ilmo. Sr. Académico de Número: Prof. Dr. D. Francisco José Martínez López</p>
<p><em><strong>&#8211; Objetivos de Desarrollo Sostenible y el cambio climático</strong></em></p>
<p>Ilmo. Sr. Académico de Número: Dr. D. Benito de la Morena Carretero</p>
<p>&#8211; Presentación a cargo del Presidente de la Academia (Excmo. Sr. Prof. Dr. D. Sixto Romero Sánchez).</p>
<p>&nbsp;</p>
<ul>
<li>Día: 16 de diciembre de 2019</li>
<li>Lugar: Centro Cultural José Luis García Palacios</li>
<li>Salón de Actos de la Fundación Caja Rural del Sur</li>
<li>C/ Alcalde Mora Claros, 8-21001 Huelva</li>
<li>Hora:19h.00m.</li>
</ul>

<p>El próximo 16 de diciembre celebramos en nuestro salón de actos de Huelva el «Acto Académico: Academia Iberoamericana de la Rábida» en el que se impartirán las conferencias cuyo eje [&hellip;]</p>

<!-- This site is optimized with the Yoast SEO plugin v27.3 - https://yoast.com/product/yoast-seo-wordpress/ -->
<title>Acto Académico: Academia Iberoamericana de la Rábida - Fundación Caja Rural del Sur</title>
<meta name="description" content="El próximo 16 de diciembre celebramos en nuestro salón de actos de Huelva el &quot;Acto Académico: Academia Iberoamericana de la Rábida&quot;." />
<meta name="robots" content="index, follow, max-snippet:-1, max-image-preview:large, max-video-preview:-1" />
<link rel="canonical" href="https://fundacioncajaruraldelsur.com/pt/evento/acto-academico-academia-iberoamericana-de-la-rabida/" />
<meta property="og:locale" content="pt_PT" />
<meta property="og:type" content="article" />
<meta property="og:title" content="Acto Académico: Academia Iberoamericana de la Rábida - Fundación Caja Rural del Sur" />
<meta property="og:description" content="El próximo 16 de diciembre celebramos en nuestro salón de actos de Huelva el &quot;Acto Académico: Academia Iberoamericana de la Rábida&quot;." />
<meta property="og:url" content="https://fundacioncajaruraldelsur.com/pt/evento/acto-academico-academia-iberoamericana-de-la-rabida/" />
<meta property="og:site_name" content="Fundación Caja Rural del Sur" />
<meta property="article:modified_time" content="2019-12-10T22:25:53+00:00" />
<meta property="og:image" content="https://fundacioncajaruraldelsur.com/wp-content/uploads/2019/12/MedioAmbiente_clima.jpg" />
	<meta property="og:image:width" content="1920" />
	<meta property="og:image:height" content="500" />
	<meta property="og:image:type" content="image/jpeg" />
<meta name="twitter:card" content="summary_large_image" />
<meta name="twitter:label1" content="Est. reading time" />
	<meta name="twitter:data1" content="1 minute" />
<script type="application/ld+json" class="yoast-schema-graph">{"@context":"https:\/\/schema.org","@graph":[{"@type":"WebPage","@id":"https:\/\/fundacioncajaruraldelsur.com\/evento\/acto-academico-academia-iberoamericana-de-la-rabida\/","url":"https:\/\/fundacioncajaruraldelsur.com\/evento\/acto-academico-academia-iberoamericana-de-la-rabida\/","name":"Acto Académico: Academia Iberoamericana de la Rábida - Fundación Caja Rural del Sur","isPartOf":{"@id":"https:\/\/fundacioncajaruraldelsur.com\/#website"},"primaryImageOfPage":{"@id":"https:\/\/fundacioncajaruraldelsur.com\/evento\/acto-academico-academia-iberoamericana-de-la-rabida\/#primaryimage"},"image":{"@id":"https:\/\/fundacioncajaruraldelsur.com\/evento\/acto-academico-academia-iberoamericana-de-la-rabida\/#primaryimage"},"thumbnailUrl":"https:\/\/fundacioncajaruraldelsur.com\/wp-content\/uploads\/2019\/12\/MedioAmbiente_clima.jpg","datePublished":"2019-12-10T22:25:21+00:00","dateModified":"2019-12-10T22:25:53+00:00","description":"El próximo 16 de diciembre celebramos en nuestro salón de actos de Huelva el \"Acto Académico: Academia Iberoamericana de la Rábida\".","breadcrumb":{"@id":"https:\/\/fundacioncajaruraldelsur.com\/evento\/acto-academico-academia-iberoamericana-de-la-rabida\/#breadcrumb"},"inLanguage":"pt-PT","potentialAction":[{"@type":"ReadAction","target":["https:\/\/fundacioncajaruraldelsur.com\/evento\/acto-academico-academia-iberoamericana-de-la-rabida\/"]}]},{"@type":"ImageObject","inLanguage":"pt-PT","@id":"https:\/\/fundacioncajaruraldelsur.com\/evento\/acto-academico-academia-iberoamericana-de-la-rabida\/#primaryimage","url":"https:\/\/fundacioncajaruraldelsur.com\/wp-content\/uploads\/2019\/12\/MedioAmbiente_clima.jpg","contentUrl":"https:\/\/fundacioncajaruraldelsur.com\/wp-content\/uploads\/2019\/12\/MedioAmbiente_clima.jpg","width":1920,"height":500},{"@type":"BreadcrumbList","@id":"https:\/\/fundacioncajaruraldelsur.com\/evento\/acto-academico-academia-iberoamericana-de-la-rabida\/#breadcrumb","itemListElement":[{"@type":"ListItem","position":1,"name":"Portada","item":"https:\/\/fundacioncajaruraldelsur.com\/"},{"@type":"ListItem","position":2,"name":"Eventos","item":"https:\/\/fundacioncajaruraldelsur.com\/eventos\/"},{"@type":"ListItem","position":3,"name":"Acto Académico: Academia Iberoamericana de la Rábida"}]},{"@type":"WebSite","@id":"https:\/\/fundacioncajaruraldelsur.com\/#website","url":"https:\/\/fundacioncajaruraldelsur.com\/","name":"Fundación Caja Rural del Sur","description":"","potentialAction":[{"@type":"SearchAction","target":{"@type":"EntryPoint","urlTemplate":"https:\/\/fundacioncajaruraldelsur.com\/?s={search_term_string}"},"query-input":{"@type":"PropertyValueSpecification","valueRequired":true,"valueName":"search_term_string"}}],"inLanguage":"pt-PT"}]}</script>
<!-- / Yoast SEO plugin. -->

Acto Académico: Academia Iberoamericana de la Rábida - Fundación Caja Rural del Sur

El próximo 16 de diciembre celebramos en nuestro salón de actos de Huelva el "Acto Académico: Academia Iberoamericana de la Rábida".

Fundación Caja Rural del Sur

Fundação Caja Rural del Sur
