{"id":10209,"date":"2024-06-17T12:03:17","date_gmt":"2024-06-17T11:03:17","guid":{"rendered":"\/?post_type=tribe_events&#038;p=10209"},"modified":"2024-06-17T12:03:17","modified_gmt":"2024-06-17T11:03:17","slug":"la-mirada-economica-cooperativismo-de-credito-un-modelo-de-exito-jose-luis-garcia-palacios","status":"publish","type":"tribe_events","link":"https:\/\/fundacioncajaruraldelsur.com\/pt\/evento\/la-mirada-economica-cooperativismo-de-credito-un-modelo-de-exito-jose-luis-garcia-palacios\/","title":{"rendered":"La Mirada Econ\u00f3mica: \u00abCooperativismo de cr\u00e9dito, un modelo de \u00e9xito\u00bb, Jos\u00e9 Luis Garc\u00eda-Palacios"},"content":{"rendered":"<p><a href=\"\/wp-content\/uploads\/2024\/06\/MEDIA_CORDOBA_26_JUNIO-scaled.jpg\" rel=\"lightbox-0\"><img loading=\"lazy\" decoding=\"async\" class=\"alignnone size-full wp-image-10210\" src=\"\/wp-content\/uploads\/2024\/06\/MEDIA_CORDOBA_26_JUNIO-scaled.jpg\" alt=\"\" width=\"2560\" height=\"1699\" srcset=\"https:\/\/fundacioncajaruraldelsur.com\/wp-content\/uploads\/2024\/06\/MEDIA_CORDOBA_26_JUNIO-scaled.jpg 2560w, https:\/\/fundacioncajaruraldelsur.com\/wp-content\/uploads\/2024\/06\/MEDIA_CORDOBA_26_JUNIO-300x199.jpg 300w, https:\/\/fundacioncajaruraldelsur.com\/wp-content\/uploads\/2024\/06\/MEDIA_CORDOBA_26_JUNIO-1024x680.jpg 1024w, https:\/\/fundacioncajaruraldelsur.com\/wp-content\/uploads\/2024\/06\/MEDIA_CORDOBA_26_JUNIO-768x510.jpg 768w, https:\/\/fundacioncajaruraldelsur.com\/wp-content\/uploads\/2024\/06\/MEDIA_CORDOBA_26_JUNIO-1536x1020.jpg 1536w, https:\/\/fundacioncajaruraldelsur.com\/wp-content\/uploads\/2024\/06\/MEDIA_CORDOBA_26_JUNIO-2048x1360.jpg 2048w\" sizes=\"auto, (max-width: 2560px) 100vw, 2560px\" \/><\/a><\/p>","protected":false},"excerpt":{"rendered":"","protected":false},"author":8,"featured_media":0,"template":"","meta":{"_tribe_events_status":"","_tribe_events_status_reason":"","_tribe_events_is_hybrid":"","_tribe_events_is_virtual":"","_tribe_events_virtual_video_source":"","_tribe_events_virtual_embed_video":"","_tribe_events_virtual_linked_button_text":"","_tribe_events_virtual_linked_button":"","_tribe_events_virtual_show_embed_at":"","_tribe_events_virtual_show_embed_to":[],"_tribe_events_virtual_show_on_event":"","_tribe_events_virtual_show_on_views":"","_tribe_events_virtual_url":"","footnotes":""},"tags":[],"tribe_events_cat":[59],"class_list":["post-10209","tribe_events","type-tribe_events","status-publish","hentry","tribe_events_cat-conferencias","cat_conferencias"],"yoast_head":"<!-- This site is optimized with the Yoast SEO plugin v27.3 - https:\/\/yoast.com\/product\/yoast-seo-wordpress\/ -->\n<title>La Mirada Econ\u00f3mica: &quot;Cooperativismo de cr\u00e9dito, un modelo de \u00e9xito&quot;, Jos\u00e9 Luis Garc\u00eda-Palacios - Fundaci\u00f3n Caja Rural del Sur<\/title>\n<meta name=\"robots\" content=\"index, follow, max-snippet:-1, max-image-preview:large, max-video-preview:-1\" \/>\n<link rel=\"canonical\" href=\"https:\/\/fundacioncajaruraldelsur.com\/pt\/evento\/la-mirada-economica-cooperativismo-de-credito-un-modelo-de-exito-jose-luis-garcia-palacios\/\" \/>\n<meta property=\"og:locale\" content=\"pt_PT\" \/>\n<meta property=\"og:type\" content=\"article\" \/>\n<meta property=\"og:title\" content=\"La Mirada Econ\u00f3mica: &quot;Cooperativismo de cr\u00e9dito, un modelo de \u00e9xito&quot;, Jos\u00e9 Luis Garc\u00eda-Palacios - Fundaci\u00f3n Caja Rural del Sur\" \/>\n<meta property=\"og:url\" content=\"https:\/\/fundacioncajaruraldelsur.com\/pt\/evento\/la-mirada-economica-cooperativismo-de-credito-un-modelo-de-exito-jose-luis-garcia-palacios\/\" \/>\n<meta property=\"og:site_name\" content=\"Fundaci\u00f3n Caja Rural del Sur\" \/>\n<meta name=\"twitter:card\" content=\"summary_large_image\" \/>\n<meta name=\"twitter:label1\" content=\"Est. reading time\" \/>\n\t<meta name=\"twitter:data1\" content=\"1 minute\" \/>\n<script type=\"application\/ld+json\" class=\"yoast-schema-graph\">{\"@context\":\"https:\\\/\\\/schema.org\",\"@graph\":[{\"@type\":\"WebPage\",\"@id\":\"https:\\\/\\\/fundacioncajaruraldelsur.com\\\/evento\\\/la-mirada-economica-cooperativismo-de-credito-un-modelo-de-exito-jose-luis-garcia-palacios\\\/\",\"url\":\"https:\\\/\\\/fundacioncajaruraldelsur.com\\\/evento\\\/la-mirada-economica-cooperativismo-de-credito-un-modelo-de-exito-jose-luis-garcia-palacios\\\/\",\"name\":\"La Mirada Econ\u00f3mica: \\\"Cooperativismo de cr\u00e9dito, un modelo de \u00e9xito\\\", Jos\u00e9 Luis Garc\u00eda-Palacios - Fundaci\u00f3n Caja Rural del Sur\",\"isPartOf\":{\"@id\":\"https:\\\/\\\/fundacioncajaruraldelsur.com\\\/#website\"},\"datePublished\":\"2024-06-17T11:03:17+00:00\",\"breadcrumb\":{\"@id\":\"https:\\\/\\\/fundacioncajaruraldelsur.com\\\/evento\\\/la-mirada-economica-cooperativismo-de-credito-un-modelo-de-exito-jose-luis-garcia-palacios\\\/#breadcrumb\"},\"inLanguage\":\"pt-PT\",\"potentialAction\":[{\"@type\":\"ReadAction\",\"target\":[\"https:\\\/\\\/fundacioncajaruraldelsur.com\\\/evento\\\/la-mirada-economica-cooperativismo-de-credito-un-modelo-de-exito-jose-luis-garcia-palacios\\\/\"]}]},{\"@type\":\"BreadcrumbList\",\"@id\":\"https:\\\/\\\/fundacioncajaruraldelsur.com\\\/evento\\\/la-mirada-economica-cooperativismo-de-credito-un-modelo-de-exito-jose-luis-garcia-palacios\\\/#breadcrumb\",\"itemListElement\":[{\"@type\":\"ListItem\",\"position\":1,\"name\":\"Portada\",\"item\":\"https:\\\/\\\/fundacioncajaruraldelsur.com\\\/\"},{\"@type\":\"ListItem\",\"position\":2,\"name\":\"Eventos\",\"item\":\"https:\\\/\\\/fundacioncajaruraldelsur.com\\\/eventos\\\/\"},{\"@type\":\"ListItem\",\"position\":3,\"name\":\"La Mirada Econ\u00f3mica: \u00abCooperativismo de cr\u00e9dito, un modelo de \u00e9xito\u00bb, Jos\u00e9 Luis Garc\u00eda-Palacios\"}]},{\"@type\":\"WebSite\",\"@id\":\"https:\\\/\\\/fundacioncajaruraldelsur.com\\\/#website\",\"url\":\"https:\\\/\\\/fundacioncajaruraldelsur.com\\\/\",\"name\":\"Fundaci\u00f3n Caja Rural del Sur\",\"description\":\"\",\"potentialAction\":[{\"@type\":\"SearchAction\",\"target\":{\"@type\":\"EntryPoint\",\"urlTemplate\":\"https:\\\/\\\/fundacioncajaruraldelsur.com\\\/?s={search_term_string}\"},\"query-input\":{\"@type\":\"PropertyValueSpecification\",\"valueRequired\":true,\"valueName\":\"search_term_string\"}}],\"inLanguage\":\"pt-PT\"}]}<\/script>\n<!-- \/ Yoast SEO plugin. -->","yoast_head_json":{"title":"La Mirada Econ\u00f3mica: \"Cooperativismo de cr\u00e9dito, un modelo de \u00e9xito\", Jos\u00e9 Luis Garc\u00eda-Palacios - Fundaci\u00f3n Caja Rural del Sur","robots":{"index":"index","follow":"follow","max-snippet":"max-snippet:-1","max-image-preview":"max-image-preview:large","max-video-preview":"max-video-preview:-1"},"canonical":"https:\/\/fundacioncajaruraldelsur.com\/pt\/evento\/la-mirada-economica-cooperativismo-de-credito-un-modelo-de-exito-jose-luis-garcia-palacios\/","og_locale":"pt_PT","og_type":"article","og_title":"La Mirada Econ\u00f3mica: \"Cooperativismo de cr\u00e9dito, un modelo de \u00e9xito\", Jos\u00e9 Luis Garc\u00eda-Palacios - Fundaci\u00f3n Caja Rural del Sur","og_url":"https:\/\/fundacioncajaruraldelsur.com\/pt\/evento\/la-mirada-economica-cooperativismo-de-credito-un-modelo-de-exito-jose-luis-garcia-palacios\/","og_site_name":"Fundaci\u00f3n Caja Rural del Sur","twitter_card":"summary_large_image","twitter_misc":{"Est. reading time":"1 minute"},"schema":{"@context":"https:\/\/schema.org","@graph":[{"@type":"WebPage","@id":"https:\/\/fundacioncajaruraldelsur.com\/evento\/la-mirada-economica-cooperativismo-de-credito-un-modelo-de-exito-jose-luis-garcia-palacios\/","url":"https:\/\/fundacioncajaruraldelsur.com\/evento\/la-mirada-economica-cooperativismo-de-credito-un-modelo-de-exito-jose-luis-garcia-palacios\/","name":"La Mirada Econ\u00f3mica: \"Cooperativismo de cr\u00e9dito, un modelo de \u00e9xito\", Jos\u00e9 Luis Garc\u00eda-Palacios - Fundaci\u00f3n Caja Rural del Sur","isPartOf":{"@id":"https:\/\/fundacioncajaruraldelsur.com\/#website"},"datePublished":"2024-06-17T11:03:17+00:00","breadcrumb":{"@id":"https:\/\/fundacioncajaruraldelsur.com\/evento\/la-mirada-economica-cooperativismo-de-credito-un-modelo-de-exito-jose-luis-garcia-palacios\/#breadcrumb"},"inLanguage":"pt-PT","potentialAction":[{"@type":"ReadAction","target":["https:\/\/fundacioncajaruraldelsur.com\/evento\/la-mirada-economica-cooperativismo-de-credito-un-modelo-de-exito-jose-luis-garcia-palacios\/"]}]},{"@type":"BreadcrumbList","@id":"https:\/\/fundacioncajaruraldelsur.com\/evento\/la-mirada-economica-cooperativismo-de-credito-un-modelo-de-exito-jose-luis-garcia-palacios\/#breadcrumb","itemListElement":[{"@type":"ListItem","position":1,"name":"Portada","item":"https:\/\/fundacioncajaruraldelsur.com\/"},{"@type":"ListItem","position":2,"name":"Eventos","item":"https:\/\/fundacioncajaruraldelsur.com\/eventos\/"},{"@type":"ListItem","position":3,"name":"La Mirada Econ\u00f3mica: \u00abCooperativismo de cr\u00e9dito, un modelo de \u00e9xito\u00bb, Jos\u00e9 Luis Garc\u00eda-Palacios"}]},{"@type":"WebSite","@id":"https:\/\/fundacioncajaruraldelsur.com\/#website","url":"https:\/\/fundacioncajaruraldelsur.com\/","name":"Funda\u00e7\u00e3o Caja Rural del Sur","description":"","potentialAction":[{"@type":"SearchAction","target":{"@type":"EntryPoint","urlTemplate":"https:\/\/fundacioncajaruraldelsur.com\/?s={search_term_string}"},"query-input":{"@type":"PropertyValueSpecification","valueRequired":true,"valueName":"search_term_string"}}],"inLanguage":"pt-PT"}]}},"_links":{"self":[{"href":"https:\/\/fundacioncajaruraldelsur.com\/pt\/wp-json\/wp\/v2\/tribe_events\/10209","targetHints":{"allow":["GET"]}}],"collection":[{"href":"https:\/\/fundacioncajaruraldelsur.com\/pt\/wp-json\/wp\/v2\/tribe_events"}],"about":[{"href":"https:\/\/fundacioncajaruraldelsur.com\/pt\/wp-json\/wp\/v2\/types\/tribe_events"}],"author":[{"embeddable":true,"href":"https:\/\/fundacioncajaruraldelsur.com\/pt\/wp-json\/wp\/v2\/users\/8"}],"version-history":[{"count":1,"href":"https:\/\/fundacioncajaruraldelsur.com\/pt\/wp-json\/wp\/v2\/tribe_events\/10209\/revisions"}],"predecessor-version":[{"id":10211,"href":"https:\/\/fundacioncajaruraldelsur.com\/pt\/wp-json\/wp\/v2\/tribe_events\/10209\/revisions\/10211"}],"wp:attachment":[{"href":"https:\/\/fundacioncajaruraldelsur.com\/pt\/wp-json\/wp\/v2\/media?parent=10209"}],"wp:term":[{"taxonomy":"post_tag","embeddable":true,"href":"https:\/\/fundacioncajaruraldelsur.com\/pt\/wp-json\/wp\/v2\/tags?post=10209"},{"taxonomy":"tribe_events_cat","embeddable":true,"href":"https:\/\/fundacioncajaruraldelsur.com\/pt\/wp-json\/wp\/v2\/tribe_events_cat?post=10209"}],"curies":[{"name":"wp","href":"https:\/\/api.w.org\/{rel}","templated":true}]}}

La Mirada Económica: «Cooperativismo de crédito, un modelo de éxito», José Luis García-Palacios

<!-- This site is optimized with the Yoast SEO plugin v27.3 - https://yoast.com/product/yoast-seo-wordpress/ -->
<title>La Mirada Económica: &quot;Cooperativismo de crédito, un modelo de éxito&quot;, José Luis García-Palacios - Fundación Caja Rural del Sur</title>
<meta name="robots" content="index, follow, max-snippet:-1, max-image-preview:large, max-video-preview:-1" />
<link rel="canonical" href="https://fundacioncajaruraldelsur.com/pt/evento/la-mirada-economica-cooperativismo-de-credito-un-modelo-de-exito-jose-luis-garcia-palacios/" />
<meta property="og:locale" content="pt_PT" />
<meta property="og:type" content="article" />
<meta property="og:title" content="La Mirada Económica: &quot;Cooperativismo de crédito, un modelo de éxito&quot;, José Luis García-Palacios - Fundación Caja Rural del Sur" />
<meta property="og:url" content="https://fundacioncajaruraldelsur.com/pt/evento/la-mirada-economica-cooperativismo-de-credito-un-modelo-de-exito-jose-luis-garcia-palacios/" />
<meta property="og:site_name" content="Fundación Caja Rural del Sur" />
<meta name="twitter:card" content="summary_large_image" />
<meta name="twitter:label1" content="Est. reading time" />
	<meta name="twitter:data1" content="1 minute" />
<script type="application/ld+json" class="yoast-schema-graph">{"@context":"https:\/\/schema.org","@graph":[{"@type":"WebPage","@id":"https:\/\/fundacioncajaruraldelsur.com\/evento\/la-mirada-economica-cooperativismo-de-credito-un-modelo-de-exito-jose-luis-garcia-palacios\/","url":"https:\/\/fundacioncajaruraldelsur.com\/evento\/la-mirada-economica-cooperativismo-de-credito-un-modelo-de-exito-jose-luis-garcia-palacios\/","name":"La Mirada Económica: \"Cooperativismo de crédito, un modelo de éxito\", José Luis García-Palacios - Fundación Caja Rural del Sur","isPartOf":{"@id":"https:\/\/fundacioncajaruraldelsur.com\/#website"},"datePublished":"2024-06-17T11:03:17+00:00","breadcrumb":{"@id":"https:\/\/fundacioncajaruraldelsur.com\/evento\/la-mirada-economica-cooperativismo-de-credito-un-modelo-de-exito-jose-luis-garcia-palacios\/#breadcrumb"},"inLanguage":"pt-PT","potentialAction":[{"@type":"ReadAction","target":["https:\/\/fundacioncajaruraldelsur.com\/evento\/la-mirada-economica-cooperativismo-de-credito-un-modelo-de-exito-jose-luis-garcia-palacios\/"]}]},{"@type":"BreadcrumbList","@id":"https:\/\/fundacioncajaruraldelsur.com\/evento\/la-mirada-economica-cooperativismo-de-credito-un-modelo-de-exito-jose-luis-garcia-palacios\/#breadcrumb","itemListElement":[{"@type":"ListItem","position":1,"name":"Portada","item":"https:\/\/fundacioncajaruraldelsur.com\/"},{"@type":"ListItem","position":2,"name":"Eventos","item":"https:\/\/fundacioncajaruraldelsur.com\/eventos\/"},{"@type":"ListItem","position":3,"name":"La Mirada Económica: «Cooperativismo de crédito, un modelo de éxito», José Luis García-Palacios"}]},{"@type":"WebSite","@id":"https:\/\/fundacioncajaruraldelsur.com\/#website","url":"https:\/\/fundacioncajaruraldelsur.com\/","name":"Fundación Caja Rural del Sur","description":"","potentialAction":[{"@type":"SearchAction","target":{"@type":"EntryPoint","urlTemplate":"https:\/\/fundacioncajaruraldelsur.com\/?s={search_term_string}"},"query-input":{"@type":"PropertyValueSpecification","valueRequired":true,"valueName":"search_term_string"}}],"inLanguage":"pt-PT"}]}</script>
<!-- / Yoast SEO plugin. -->

La Mirada Económica: "Cooperativismo de crédito, un modelo de éxito", José Luis García-Palacios - Fundación Caja Rural del Sur

Fundación Caja Rural del Sur

Fundação Caja Rural del Sur
